 remainder when 3776 is divided by 15?
11
Calculate the remainder when 3031 is divided by 748.
39
What is the remainder when 23691 is divided by 67?
40
What is the remainder when 5061 is divided by 133?
7
Calculate the remainder when 3215854 is divided by 84.
82
Calculate the remainder when 1441 is divided by 253.
176
Calculate the remainder when 75073 is divided by 1446.
1327
What is the remainder when 35164 is divided by 654?
502
Calculate the remainder when 382445 is divided by 403.
401
What is the remainder when 32342 is divided by 495?
167
What is the remainder when 2375325 is divided by 654?
651
What is the remainder when 404566 is divided by 50562?
70
What is the remainder when 545834 is divided by 89?
86
Calculate the remainder when 1971 is divided by 38.
33
What is the remainder when 349021 is divided by 698?
21
What is the remainder when 2709 is divided by 673?
17
What is the remainder when 88671 is divided by 179?
66
Calculate the remainder when 308925 is divided by 1993.
10
What is the remainder when 19851 is divided by 187?
29
What is the remainder when 52982 is divided by 203?
202
What is the remainder when 2593 is divided by 1281?
31
Calculate the remainder when 319598 is divided by 400.
398
Calculate the remainder when 19182 is divided by 480.
462
What is the remainder when 58332 is divided by 25?
7
Calculate the remainder when 3628903 is divided by 323.
321
Calculate the remainder when 765584 is divided by 45.
44
Calculate the remainder when 148258 is divided by 35.
33
What is the remainder when 847 is divided by 97?
71
Calculate the remainder when 3596049 is divided by 1325.
1324
Calculate the remainder when 13407 is divided by 1117.
3
Calculate the remainder when 15586 is divided by 226.
218
What is the remainder when 199994 is divided by 5?
4
What is the remainder when 168346 is divided by 88?
2
What is the remainder when 161999 is divided by 12?
11
What is the remainder when 14648 is divided by 56?
32
Calculate the remainder when 10124 is divided by 529.
73
Calculate the remainder when 46273 is divided by 11.
7
Calculate the remainder when 35222 is divided by 18.
14
Calculate the remainder when 119270 is divided by 618.
614
Calculate the remainder when 7033 is divided by 7030.
3
What is the remainder when 6915 is divided by 52?
51
Calculate the remainder when 8216 is divided by 48.
8
What is the remainder when 103746 is divided by 1402?
1400
What is the remainder when 679 is divided by 103?
61
What is the remainder when 5605 is divided by 37?
18
Calculate the remainder when 29612 is divided by 195.
167
Calculate the remainder when 76024 is divided by 8.
0
What is the remainder when 6493 is divided by 1294?
23
What is the remainder when 3151 is divided by 615?
76
What is the remainder when 1723 is divided by 654?
415
What is the remainder when 37385 is divided by 480?
425
Calculate the remainder when 421 is divided by 180.
61
Calculate the remainder when 45480 is divided by 166.
162
What is the remainder when 324 is divided by 17?
1
Calculate the remainder when 17108 is divided by 519.
500
Calculate the remainder when 20247 is divided by 81.
78
What is the remainder when 845 is divided by 185?
105
Calculate the remainder when 904588 is divided by 178.
170
Calculate the remainder when 21665 is divided by 24.
17
Calculate the remainder when 1485 is divided by 871.
614
What is the remainder when 3894 is divided by 1944?
6
What is the remainder when 265789 is divided by 44297?
7
Calculate the remainder when 134743 is divided by 350.
343
What is the remainder when 195184 is divided by 7807?
9
What is the remainder when 4576 is divided by 200?
176
What is the remainder when 737 is divided by 247?
243
Calculate the remainder when 1441 is divided by 150.
91
Calculate the remainder when 1121681 is divided by 1266.
5
Calculate the remainder when 6424 is divided by 2141.
1
Calculate the remainder when 114850 is divided by 49.
43
Calculate the remainder when 686393 is divided by 513.
512
What is the remainder when 4221 is divided by 39?
9
What is the remainder when 1382 is divided by 685?
12
Calculate the remainder when 2786 is divided by 2230.
556
What is the remainder when 711 is divided by 17?
14
Calculate the remainder when 134603 is divided by 629.
626
What is the remainder when 20587 is divided by 420?
7
Calculate the remainder when 109598 is divided by 188.
182
What is the remainder when 26903 is divided by 114?
113
Calculate the remainder when 3527 is divided by 345.
77
Calculate the remainder when 31495 is divided by 9.
4
What is the remainder when 3532 is divided by 893?
853
Calculate the remainder when 39327 is divided by 15.
12
What is the remainder when 23330 is divided by 33?
32
What is the remainder when 13557 is divided by 6778?
1
What is the remainder when 139856 is divided by 420?
416
What is the remainder when 444834 is divided by 61?
22
What is the remainder when 11281 is divided by 198?
193
Calculate the remainder when 97510 is divided by 136.
134
What is the remainder when 6481689 is divided by 204?
201
Calculate the remainder when 105905 is divided by 72.
65
What is the remainder when 9967 is divided by 485?
267
Calculate the remainder when 334 is divided by 46.
12
What is the remainder when 292216 is divided by 19?
15
Calculate the remainder when 65764 is divided by 89.
82
What is the remainder when 15939 is divided by 380?
359
Calculate the remainder when 133304 is divided by 322.
318
What is the remainder when 688497 is divided by 102?
99
Calculate the remainder when 4779 is divided by 299.
294
What is the remainder when 235098 is divided by 56?
10
What is the remainder when 37677 is divided by 819?
3
Calculate the remainder when 19119 is divided by 390.
9
Calculate the remainder when 100729 is divided by 53.
29
What is the remainder when 61394 is divided by 660?
14
What is the remainder when 4958 is divided by 561?
470
What is the remainder when 1641498 is divided by 250?
248
What is the remainder when 12355 is divided by 94?
41
What is the remainder when 1624 is divided by 57?
28
What is the remainder when 4702 is divided by 82?
28
What is the remainder when 592 is divided by 245?
102
Calculate the remainder when 7450 is divided by 392.
2
Calculate the remainder when 4049 is divided by 797.
64
What is the remainder when 25341 is divided by 1220?
941
What is the remainder when 26392 is divided by 25?
17
Calculate the remainder when 42337 is divided by 14107.
16
What is the remainder when 529 is divided by 445?
84
What is the remainder when 2171 is divided by 292?
127
What is the remainder when 1802302 is divided by 1008?
1006
Calculate the remainder when 7142 is divided by 1267.
807
What is the remainder when 553081 is divided by 15363?
13
What is the remainder when 4835 is divided by 4805?
30
Calculate the remainder when 15824 is divided by 2635.
14
What is the remainder when 277915 is divided by 15?
10
Calculate the remainder when 17398 is divided by 73.
24
What is the remainder when 2100334 is divided by 188?
186
What is the remainder when 39135 is divided by 529?
518
What is the remainder when 37146 is divided by 18558?
30
Calculate the remainder when 4328 is divided by 941.
564
Calculate the remainder when 51066 is divided by 44.
26
What is the remainder when 40613 is divided by 3124?
1
Calculate the remainder when 73551 is divided by 1066.
1063
Calculate the remainder when 311117 is divided by 2.
1
What is the remainder when 3964 is divided by 208?
12
What is the remainder when 60 is divided by 11?
5
Calculate the remainder when 182717 is divided by 80.
77
Calculate the remainder when 171238 is divided by 40.
38
Calculate the remainder when 1448 is divided by 317.
180
Calculate the remainder when 17780 is divided by 4423.
88
Calculate the remainder when 111862 is divided by 51.
19
What is the remainder when 153671 is divided by 543?
2
Calculate the remainder when 82357 is divided by 429.
418
What is the remainder when 10783 is divided by 1540?
3
What is the remainder when 277 is divided by 253?
24
Calculate the remainder when 3435 is divided by 3371.
64
What is the remainder when 2570 is divided by 182?
22
What is the remainder when 18517 is divided by 206?
183
Calculate the remainder when 1709823 